4. Suppose 5*t = 4*t + 3. What is s(t)?
-14
Let d(i) = -4*i + 4*i - 3 + i + 0*i. Suppose 0 = -5*j + 10, -2*j = -5*n - 7*j + 60. Suppose -n = -0*q - 2*q. Calculate d(q).
2
Let w(p) = 8*p**2 - 6*p + 20. Let u(m) = -m**2 + 1. Let d(r) = 2*r - 10. Let v(s) = d(s) + 3*u(s). Let n(b) = -17*v(b) - 6*w(b). Determine n(-2).
7
Let p(k) = -k**2 - 4*k. Let s = 51 + -35. Suppose 0 = 5*o - o + s. Calculate p(o).
0
Suppose -5 = -4*v - v. Let i(j) = 6*j - 4*j - v + 2 - 3*j**2. Let x = -5 + 4. Determine i(x).
-4
Suppose -s + 2 - 9 = 0. Let q(r) = -r**3 + r**2 + 1. Let t(v) = -v**3 + 10*v**2 + 6*v - 4. Let l(w) = -2*q(w) + t(w). Calculate l(s).
1
Let f(r) = -12*r**2 - 6*r + 7. Let v be (-60)/9 - 4/(-6). Let u(k) = -23*k**2 - 11*k + 13. Let j(b) = v*u(b) + 11*f(b). Let a be (1/(-1 + 0))/1. Determine j(a).
5
Let b(o) = -o**3 - 10*o**2 + 12*o + 16. Let g be b(-11). Let k(i) be the third derivative of -i**6/120 + i**5/15 + i**4/3 - 5*i**3/6 - 8*i**2. Give k(g).
10
Suppose 0 = 2*y + 3*y - 30. Let r be (-5 + 7)*3/2. Let o be r*(8/y)/(-4). Let s(n) = 2*n**2 + 2*n + 1. Calculate s(o).
1
Let v(c) = -67*c**2 + 74*c**2 + 0*c**3 - c**3 - 10*c + 7. Give v(6).
-17
Let x = 5 + 0. Suppose -u - 4*n - 17 = 0, 2*u - 3*n - 27 = -2*u. Let y(z) = x*z - z + 1 - u. Give y(2).
6
Let j(w) = -8 - 6*w + 2*w**3 - 34*w**2 - w**3 + 16*w**2 + 12*w**2. Determine j(7).
-1
Let p(d) be the first derivative of d**5/60 + d**4/6 - 7*d**3/6 + d**2/2 + 4. Let s(t) be the second derivative of p(t). Give s(-5).
-2
Suppose -2*j = -4*x - 8, -5*j = -0*x - x - 20. Let z be (-1)/(-2)*x + -3. Let k(o) = -o**3 - 3*o**2 + o. Determine k(z).
-3
Let x(b) = -2*b**2 + 1. Suppose 4*j + 5 + 3 = 0. What is x(j)?
-7
Suppose 0 = 2*l + j - 0*j - 1, 5*j = 25. Let m(f) be the first derivative of 1 - f**2 - 3*f - 1/3*f**3. What is m(l)?
-3
Let x(f) = f**2 - f. Let i be 0/((1 - 0)*-1). Calculate x(i).
0
Suppose a - 2*a - 2*t = -4, -3*a + 2*t + 28 = 0. Suppose a = -2*w + 4*w. Let x(k) = -k + 2. Give x(w).
-2
Suppose -n - 3 + 5 = 0. Let r(u) = -4*u**n + 1 + 2*u**2 + 3*u**2 - 2. Determine r(2).
3
Let s(g) = 2*g - 1. Let o = -66 + 68. Give s(o).
3
Let k(r) = 9*r + 48. Let s be k(-6). Let j(n) be the second derivative of n**4/12 + n**3 - 3*n**2 + n. Give j(s).
-6
Let y(b) be the third derivative of 1/24*b**4 + 0*b + 2*b**2 + 0 + 2*b**3. Suppose 2*f + 12 = -5*j, -15 = 3*f + 5*j + 3. What is y(f)?
6
Let z(i) = 2*i**2 + 4*i - 5. Let b be z(-4). Let h(k) = -9*k**2 + 3*k. Let f(n) = -3*n**2 + n. Let r(v) = b*f(v) - 4*h(v). Let x = 18 + -17. Calculate r(x).
2
Let x(u) be the second derivative of u**6/15 - u**5/60 - u**4/24 - 3*u**2/2 - 3*u. Let q(c) be the first derivative of x(c). What is q(-1)?
-8
Let m(p) = 6*p - 1. Suppose 12 = -4*o + 4*w, 10 = -o + 4*w - 8. What is m(o)?
11
Let b = 17 - 15. Let s(w) = w**2 - 2*w + 1. Determine s(b).
1
Let q(h) = -3*h**3 - 2*h - 1. Suppose s + 18 = 5*f, 2 = 3*s - 2*s. Suppose f*i = -3*x + 14 - 56, -3*x = 6. Let l be 6/i*3/2. Give q(l).
4
Let x = 4 - 1. Let s = 0 + x. Let k(g) = -g - 1. Give k(s).
-4
Suppose 1 = k - 0. Suppose 10 = 2*d + 3*d - c, 4*d - c = 7. Let o(p) = -d*p - p + 5*p + k. Give o(-5).
-4
Let x(h) = 0 - 13*h - 9 + 4*h. Let t(g) = g + 1. Let r(v) = -21*t(v) - 2*x(v). Determine r(-3).
6
Let q be -2*(0 - (-9)/6). Let j(r) = -r**2 - 3*r - 4. Let h be j(q). Let v = h + 4. Let p(s) = s**2 - s + 1. Calculate p(v).
1
Suppose 11 = 3*k - 22. Let w(o) = o - 8. Let n be w(k). Let c(m) = 3*m**3 - m**2 - 6*m - 1. Let b(a) = a**3 - a - 1. Let j(z) = 2*b(z) - c(z). Calculate j(n).
-7
Let v(f) = 8 - 2*f - 8 - 6. Determine v(-4).
2
Let k(o) = 0*o**2 + 0*o**2 - o**2 + o - 1. Calculate k(2).
-3
Let h(u) = u**2 - 2 - 2 - 10*u + 2*u. Let x be h(9). Let w(o) = x - 2*o - o - o. Give w(4).
-11
Suppose 0 = -2*x - 15 - 5. Let g = -12 - x. Let y(u) = -u**2 - u. Give y(g).
-2
Suppose -2*t + 5*s - 4 - 1 = 0, 4*t = s + 17. Let z(q) = -q**3 + 6*q**2 - 7*q + 6. Calculate z(t).
-4
Let o(v) = 2*v + 5. Suppose -4*d - 23 = 3*h, 3*h = -d - 11 + 3. Give o(d).
-5
Let f(t) = -t**3 - 6*t**2 + 8*t + 12. Let p be f(-7). Let q(i) = -i**2 + 8*i - 7. Give q(p).
8
Let g(j) be the third derivative of -j**4/12 + j**3/3 + 2*j**2. Suppose 0 = -3*q + 4*q. Suppose -3*a - 3*d + 15 = q, 3*d - 13 = -5*a + 4*d. Calculate g(a).
-4
Let l(q) = q. Let t be l(-2). Let x = -2 - t. Suppose -5*i - w + 5*w + 45 = 0, 5*i + 4*w - 5 = x. Let o(j) = j**3 - 5*j**2 - 1. What is o(i)?
-1
Let j(y) = 14 + 46*y - 12 - 48*y. Determine j(2).
-2
Let x(i) = 2*i**2 + 3*i + 2. Let n be x(-2). Suppose -2 = 2*t - n. Let b(z) = 12*z - 1. Calculate b(t).
11
Let a = -4 + 7. Let p(n) = -7 - n + 3*n + 0*n + a. Let h = 8 - 3. What is p(h)?
6
Let p(b) = 1. Let w(y) = -2*y - 5. Let r(z) = 6*p(z) + w(z). Give r(-1).
3
Let t = 20 - 16. Let f(c) = 5*c - 6. Give f(t).
14
Let u = -12 - -15. Let f(z) = -71 - z**u + 0*z + 69 - 4*z**2 - 2*z. Calculate f(-4).
6
Let o = -16 - -22. Let u(d) be the first derivative of -d**3/3 + 5*d**2/2 - 2. Determine u(o).
-6
Let y(t) be the second derivative of -t**4/12 - t**3/6 + t**2/2 + t. Let n = 1 - 3. Give y(n).
-1
Let h(y) = 6*y + 14. Let v be h(-2). Let n(g) = 10*g - 3. What is n(v)?
17
Let r(w) = -w - 16. Let i be r(-22). Let x(o) = o - 7. Give x(i).
-1
Let v(p) = 67*p - 4 - 60*p + 3 - 2. Determine v(2).
11
Suppose 110 = 4*z - 18. Suppose 4*c + 3*g = 2*g - 20, 4*g + z = -4*c. Let a(f) = f**2 + 2*f - 3. Give a(c).
5
Suppose -5*k - 25 = 5*s, -s + 5 = -0. Let c be 7/(-3)*(k + 4). Let i = c + -9. Let l(v) = -v + 4. What is l(i)?
-1
Let i(w) = 5 + 4 + w + w - 4. Determine i(6).
17
Suppose -z + 2 = 2*x, 3*z - 4*z - 12 = -5*x. Let v(n) = -n**2 + 5*n - 3 - 2*n**2 + x*n**2 + 0*n. Let j be ((-3)/2)/((-1)/2). Give v(j).
3
Let o(i) = -i**2 + 3*i + 4. Let y(j) be the second derivative of j**4/12 - j**3/6 - 3*j**2/2 - 2*j. Let m be y(3). Let p be 2/m*(-18)/(-4). Determine o(p).
4
Let c = 19 + -5. Let n(d) = d**2 + 14 - c - 2*d. Give n(1).
-1
Let a(k) = -2*k**3 - k**2 + 3*k - 3. Let p(q) = -2*q**3 + 3*q - 4. Let t(u) = -3*a(u) + 2*p(u). Determine t(-3).
-17
Let k(s) = s**2 + s - 1. Let u be k(2). Let i(o) = u*o - 1 - o - o. Let c be -1*1 + (-1 - -1). What is i(c)?
-4
Let h(s) = -s**3 - s**2 + s - 1. Suppose -2*x + 5*x - 18 = 0. Suppose f + 20 = x*f. Suppose f*d = 20, 0*d - 2*d = 3*z - 4. Give h(z).
1
Suppose -5*a = -5*u + 50, 2*u - 46 = 5*a - 2*u. Let m(w) = -w + 5. Let n(s) = 2*s - 14. Let v(o) = -9*m(o) - 4*n(o). Determine v(a).
5
Let l(x) = x**3 - x**2 + x. Let m(k) = -4*k**3 + 12*k**2 - 5*k. Let q(z) = 5*l(z) + m(z). Determine q(-7).
0
Let r(l) = 9*l**2 + 8*l + 3. Let i(n) = 5*n**2 + 4*n + 2. Let m(t) = -11*i(t) + 6*r(t). Calculate m(3).
-1
Let l(m) be the second derivative of -m**4/12 - 5*m**3/6 + 3*m**2 + 60*m. Give l(-5).
6
Let b(v) be the first derivative of -v**3/3 + 4*v**2 + 30. What is b(8)?
0
Let o(q) = 4*q - 2 + 0*q - q. Let a be ((-8)/6)/(32/(-72)). Give o(a).
7
Let l(y) = y**2 - 7*y + 2. Let g be 45/6*(-4)/(-6). Let r be l(g). Let d = -3 - r. Let h(k) = -k + 3. Give h(d).
-2
Let w(a) = -3*a - 12. Let n(v) = 9*v + 35. Suppose -5*g - 3*b - 24 - 61 = 0, 3*g + 51 = 4*b. Let y(m) = g*w(m) - 6*n(m). What is y(-4)?
6
Let k(f) = f**3 + 3*f**2 - 3*f + 1. Let h be k(-4). Let j(b) = -89*b + 3*b**2 + b**3 - 96*b - 92*b - 94*b + 369*b + 2. Calculate j(h).
8
Let v(o) = 6*o. Let a = 5 + -11. Let h(x) = x**2 + 7*x + 7. Let l be h(a). Let y(m) = 2*m**2 - 2*m + 1. Let w be y(l). Give v(w).
6
Let j(f) = f**3 - 4*f**2 - 5*f + 4. Let p(a) = a + 6. Let g be p(-11). Let u = 0 - g. Give j(u).
4
Let i(a) = -a + 0 - 5*a + a - 7. Let t(l) = -15 - 4*l + 0 - 7*l. Let v(n) = -13*i(n) + 6*t(n). What is v(-3)?
4
Let a(y) be the second derivative of -y**5/20 + 7*y**4/12 - 5*y**3/6 + 3*y**2/2 - 8*y. Give a(6).
9
Let p(i) = -i + 2 - 2 + 6. Give p(0).
6
Suppose -1 = -2*j + 2*l + 7, 3*j - 7 = -2*l. Let r(p) = -2 - p**j - 3*p - p**2 + 2*p + 0*p**2 + 0*p. What is r(0)?
-2
Let d(k) be the first derivative of -k**4/4 + k**3/3 - k**2/2 - 3*k + 14. Give d(0).
-3
Let d(j) be the third derivative of -j**6/120 + j**5/12 + j**4/3 - 3*j**3/2 - j**2. Let z be (-4)/(12/9) - 63/(-7). What is d(z)?
3
Let v(n) = -1. Let w(f) = -f + 6. Let d(y) = 6*v(y) + w(y). Calculate d(-6).
6
Let z = -22 - -51. Suppose -b = -0*n + 2*n + 8, -z = -2*b + 5*n. Let w(s) = 2*s - 2. Give w(b).
2
Let r(w) = 2*w